{"id":5011,"date":"2022-01-17T23:27:54","date_gmt":"2022-01-17T20:27:54","guid":{"rendered":"https:\/\/www.agrio.market\/?post_type=product&#038;p=5011"},"modified":"2023-05-23T14:53:50","modified_gmt":"2023-05-23T11:53:50","slug":"2006-gea-24-stands-carousel-milking-parlour","status":"publish","type":"product","link":"https:\/\/www.agriomarket.com\/index.php\/urun\/2006-gea-24-stands-carousel-milking-parlour\/","title":{"rendered":"2006 GEA 24 Stands Carousel Milking Parlour"},"content":{"rendered":"<p>GEA 24 atl\u0131kar\u0131nca sa\u011f\u0131m odas\u0131 standlar\u0131<br \/>\n\u0130le donat\u0131lm\u0131\u015f:<br \/>\nRPS-2800 vakum pompas\u0131<br \/>\nMetatron-12 Apeks<br \/>\n175 izo transponder<br \/>\nApeks nabz\u0131<br \/>\nS\u00fct saya\u00e7lar\u0131<br \/>\nClassi-300 s\u00fct k\u00fcmeleri<br \/>\nKatlanabilir y\u0131kama tabaklar\u0131<br \/>\nSinetherm temizleme \u00fcnitesi<br \/>\nS\u00fct plan\u0131<\/p>\n","protected":false},"excerpt":{"rendered":"<p>GEA 24 atl\u0131kar\u0131nca sa\u011f\u0131m odas\u0131 standlar\u0131 \u0130le donat\u0131lm\u0131\u015f: RPS-2800 vakum pompas\u0131 Metatron-12 Apeks 175 izo transponder Apeks nabz\u0131 S\u00fct saya\u00e7lar\u0131 Classi-300 s\u00fct k\u00fcmeleri Katlanabilir y\u0131kama tabaklar\u0131 Sinetherm temizleme \u00fcnitesi S\u00fct plan\u0131<\/p>\n","protected":false},"featured_media":5013,"template":"","meta":[],"product_cat":[387,212],"product_tag":[342,399,264,395,339,265],"class_list":{"0":"post-5011","1":"product","2":"type-product","3":"status-publish","4":"has-post-thumbnail","6":"product_cat-hayvancilik-makine-ve-ekipmanlari","7":"product_cat-tarim-makine-ve-ekipmanlari","8":"product_tag-endustriyel-makineler","9":"product_tag-hayvancilik-ekipmanlari","10":"product_tag-sut","11":"product_tag-sut-ciftligi-ekipmanlari","12":"product_tag-sut-sagma-makineleri","13":"product_tag-sut-urunleri","15":"first","16":"instock","17":"taxable","18":"shipping-taxable","19":"product-type-external","20":"col-xs-6 col-sm-4","21":"col-md-3 col-lg-3","22":"un-4-cols"},"_links":{"self":[{"href":"https:\/\/www.agriomarket.com\/index.php\/wp-json\/wp\/v2\/product\/5011","targetHints":{"allow":["GET"]}}],"collection":[{"href":"https:\/\/www.agriomarket.com\/index.php\/wp-json\/wp\/v2\/product"}],"about":[{"href":"https:\/\/www.agriomarket.com\/index.php\/wp-json\/wp\/v2\/types\/product"}],"wp:featuredmedia":[{"embeddable":true,"href":"https:\/\/www.agriomarket.com\/index.php\/wp-json\/wp\/v2\/media\/5013"}],"wp:attachment":[{"href":"https:\/\/www.agriomarket.com\/index.php\/wp-json\/wp\/v2\/media?parent=5011"}],"wp:term":[{"taxonomy":"product_cat","embeddable":true,"href":"https:\/\/www.agriomarket.com\/index.php\/wp-json\/wp\/v2\/product_cat?post=5011"},{"taxonomy":"product_tag","embeddable":true,"href":"https:\/\/www.agriomarket.com\/index.php\/wp-json\/wp\/v2\/product_tag?post=5011"}],"curies":[{"name":"wp","href":"https:\/\/api.w.org\/{rel}","templated":true}]}}