{"id":5399,"date":"2022-01-21T23:49:57","date_gmt":"2022-01-21T20:49:57","guid":{"rendered":"https:\/\/www.agrio.market\/?post_type=product&#038;p=5399"},"modified":"2023-05-22T23:13:36","modified_gmt":"2023-05-22T20:13:36","slug":"2020-new-holland-agriculture-9090x-ge-side-conveyor-grape-harvester","status":"publish","type":"product","link":"https:\/\/www.agriomarket.com\/index.php\/urun\/2020-new-holland-agriculture-9090x-ge-side-conveyor-grape-harvester\/","title":{"rendered":"2020 New Holland Agriculture 9090X GE (Side Conveyor) &#8211; Grape Harvester"},"content":{"rendered":"<p>Y\u00fcksek Kaliteli \u015earaplar \u0130\u00e7in Y\u00fcksek Kaliteli \u00dcz\u00fcmler: Noria toplama sistemi ve SDC sallama sistemi gibi sekt\u00f6re \u00f6zel \u00f6zelliklerle Braud 9000 Serisi \u00fcz\u00fcm hasat makineleri, en kaliteli \u015faraplar i\u00e7in \u00fcz\u00fcmlerinizin kalitesini korur. Bu y\u00fcksek kapasiteli modeller, asmalara kar\u015f\u0131 nazik olacak, dik yoku\u015flarda daha iyi t\u0131rmanma kabiliyeti sa\u011flayacak ve daha verimli ve kullan\u0131m\u0131 kolay olacak \u015fekilde tasarlanm\u0131\u015ft\u0131r.<br \/>\nZaman ve \u0130\u015f\u00e7ilik Maliyetlerini Azalt\u0131n: Opti-Grape\u2122 ve patentli SOCMA destemmer gibi end\u00fcstri lideri temizleme sistemleri, operasyonunuzun \u015faraphanede daha az zaman temizleme ve daha iyi \u015farap tad\u0131m\u0131 avantajlar\u0131ndan faydalanmas\u0131 anlam\u0131na gelir.<br \/>\nVerimlili\u011finizi En \u00dcst D\u00fczeye \u00c7\u0131kar\u0131n: T\u00fcm asma t\u00fcrleri i\u00e7in verimlili\u011fi optimize etmek hi\u00e7 bu kadar kolay olmam\u0131\u015ft\u0131. Braud 9000 Serisini maksimum verimlilik i\u00e7in farkl\u0131 \u00fcz\u00fcm ba\u011flar\u0131nda \u00e7al\u0131\u015facak \u015fekilde kurmak \u00e7ok h\u0131zl\u0131d\u0131r. IntelliView\u2122 IV dokunmatik ekranl\u0131 entegre Ak\u0131ll\u0131 Y\u00f6netim Sistemi 2.0, t\u00fcm \u00f6nemli hasat etme i\u015flevlerine tam eri\u015fim sa\u011flar.<\/p>\n","protected":false},"excerpt":{"rendered":"<p>Y\u00fcksek Kaliteli \u015earaplar \u0130\u00e7in Y\u00fcksek Kaliteli \u00dcz\u00fcmler: Noria toplama sistemi ve SDC sallama sistemi gibi sekt\u00f6re \u00f6zel \u00f6zelliklerle Braud 9000 Serisi \u00fcz\u00fcm hasat makineleri, en kaliteli \u015faraplar i\u00e7in \u00fcz\u00fcmlerinizin kalitesini korur. Bu y\u00fcksek kapasiteli modeller, asmalara kar\u015f\u0131 nazik olacak, dik yoku\u015flarda daha iyi t\u0131rmanma kabiliyeti sa\u011flayacak ve daha verimli ve kullan\u0131m\u0131 kolay olacak \u015fekilde tasarlanm\u0131\u015ft\u0131r.&hellip;<\/p>\n","protected":false},"featured_media":5400,"template":"","meta":[],"product_cat":[381,212],"product_tag":[402,275,327,324,390,276,329,326,391],"class_list":{"0":"post-5399","1":"product","2":"type-product","3":"status-publish","4":"has-post-thumbnail","6":"product_cat-meyve-ve-sebze-hasat-makineleri","7":"product_cat-tarim-makine-ve-ekipmanlari","8":"product_tag-meyve","9":"product_tag-meyve-grubu","10":"product_tag-meyve-toplama-araclari","11":"product_tag-meyve-toplama-makineleri","12":"product_tag-meyve-yetistiriciligi","13":"product_tag-sebze-grubu","14":"product_tag-sebze-toplama-araclari","15":"product_tag-sebze-toplama-makineleri","16":"product_tag-sebze-yetistiriciligi","18":"first","19":"instock","20":"taxable","21":"shipping-taxable","22":"product-type-external","23":"col-xs-6 col-sm-4","24":"col-md-3 col-lg-3","25":"un-4-cols"},"_links":{"self":[{"href":"https:\/\/www.agriomarket.com\/index.php\/wp-json\/wp\/v2\/product\/5399","targetHints":{"allow":["GET"]}}],"collection":[{"href":"https:\/\/www.agriomarket.com\/index.php\/wp-json\/wp\/v2\/product"}],"about":[{"href":"https:\/\/www.agriomarket.com\/index.php\/wp-json\/wp\/v2\/types\/product"}],"wp:featuredmedia":[{"embeddable":true,"href":"https:\/\/www.agriomarket.com\/index.php\/wp-json\/wp\/v2\/media\/5400"}],"wp:attachment":[{"href":"https:\/\/www.agriomarket.com\/index.php\/wp-json\/wp\/v2\/media?parent=5399"}],"wp:term":[{"taxonomy":"product_cat","embeddable":true,"href":"https:\/\/www.agriomarket.com\/index.php\/wp-json\/wp\/v2\/product_cat?post=5399"},{"taxonomy":"product_tag","embeddable":true,"href":"https:\/\/www.agriomarket.com\/index.php\/wp-json\/wp\/v2\/product_tag?post=5399"}],"curies":[{"name":"wp","href":"https:\/\/api.w.org\/{rel}","templated":true}]}}