{"id":5633,"date":"2022-01-26T22:12:52","date_gmt":"2022-01-26T19:12:52","guid":{"rendered":"https:\/\/www.agrio.market\/?post_type=product&#038;p=5633"},"modified":"2023-05-22T22:43:39","modified_gmt":"2023-05-22T19:43:39","slug":"2011-challenger-rogator-635-b","status":"publish","type":"product","link":"https:\/\/www.agriomarket.com\/index.php\/urun\/2011-challenger-rogator-635-b\/","title":{"rendered":"2011 CHALLENGER Rogator 635 B"},"content":{"rendered":"<p>GPS anteni &#8211; ak\u0131\u015f \u00f6l\u00e7er &#8211; hazne temizli\u011fi &#8211; yeni lastikler &#8211; 24-30m \u00e7al\u0131\u015fma geni\u015fli\u011fi &#8211;<br \/>\nB\u00f6l\u00fcm Kontrol\u00fc 10 b\u00f6l\u00fcm &#8211; \u015fasi y\u00fcksekli\u011fi ayarlanabilir &#8211; bom \u00fczerinde 2 hat &#8211; hafif paket &#8211; Topcon X45 &#8211; Kendinden hareketli &#8211; lastikler: 480\/80R50 <\/p>\n","protected":false},"excerpt":{"rendered":"<p>&#8211; \u00dcr\u00fcn ile ilgili fiyat teklifi talebinde bulunabilirsiniz.<br \/>\n&#8211; Alternatif \u00fcr\u00fcnler ile ilgili uzman ekibimize talep g\u00f6nderebilirsiniz.<br \/>\n&#8211; \u00dcr\u00fcn al\u0131m\u0131 ile ilgili finansal \u00e7\u00f6z\u00fcmler konusunda finans ekibimiz ile g\u00f6r\u00fc\u015fme talep edebilirsiniz.<\/p>\n","protected":false},"featured_media":5634,"template":"","meta":[],"product_cat":[212,445],"product_tag":[392,401,379,342,300,299],"class_list":{"0":"post-5633","1":"product","2":"type-product","3":"status-publish","4":"has-post-thumbnail","6":"product_cat-tarim-makine-ve-ekipmanlari","7":"product_cat-tarimsal-ilaclama-makineleri","8":"product_tag-aplikatorler","9":"product_tag-arac","10":"product_tag-ekipman","11":"product_tag-endustriyel-makineler","12":"product_tag-tarim-ekipmanlari","13":"product_tag-tarim-makineleri","15":"first","16":"instock","17":"taxable","18":"shipping-taxable","19":"product-type-external","20":"col-xs-6 col-sm-4","21":"col-md-3 col-lg-3","22":"un-4-cols"},"_links":{"self":[{"href":"https:\/\/www.agriomarket.com\/index.php\/wp-json\/wp\/v2\/product\/5633","targetHints":{"allow":["GET"]}}],"collection":[{"href":"https:\/\/www.agriomarket.com\/index.php\/wp-json\/wp\/v2\/product"}],"about":[{"href":"https:\/\/www.agriomarket.com\/index.php\/wp-json\/wp\/v2\/types\/product"}],"wp:featuredmedia":[{"embeddable":true,"href":"https:\/\/www.agriomarket.com\/index.php\/wp-json\/wp\/v2\/media\/5634"}],"wp:attachment":[{"href":"https:\/\/www.agriomarket.com\/index.php\/wp-json\/wp\/v2\/media?parent=5633"}],"wp:term":[{"taxonomy":"product_cat","embeddable":true,"href":"https:\/\/www.agriomarket.com\/index.php\/wp-json\/wp\/v2\/product_cat?post=5633"},{"taxonomy":"product_tag","embeddable":true,"href":"https:\/\/www.agriomarket.com\/index.php\/wp-json\/wp\/v2\/product_tag?post=5633"}],"curies":[{"name":"wp","href":"https:\/\/api.w.org\/{rel}","templated":true}]}}