{"id":6286,"date":"2022-02-23T10:36:05","date_gmt":"2022-02-23T07:36:05","guid":{"rendered":"https:\/\/www.agrio.market\/?post_type=product&#038;p=6286"},"modified":"2022-02-23T10:39:05","modified_gmt":"2022-02-23T07:39:05","slug":"nitropower","status":"publish","type":"product","link":"https:\/\/www.agriomarket.com\/index.php\/urun\/nitropower\/","title":{"rendered":"N\u0130TROPOWER"},"content":{"rendered":"<p>Nitropower i\u00e7eri\u011finde \u00fcre ve amonyak azotunun yan\u0131 s\u0131ra k\u00fck\u00fcrt bulunan gran\u00fcl formda azotlu g\u00fcbredir. %33 azot i\u00e7eren Nitropower\u2019\u0131 tah\u0131llar, end\u00fcstri bitkileri, meyveler, sebzeler, baklagiller ve t\u00fcm di\u011fer bitkilerde azot kayna\u011f\u0131 olarak kullanabilirsiniz. Azot kayb\u0131n\u0131n \u00f6nlenmesi i\u00e7in toprakla kar\u0131\u015ft\u0131r\u0131larak uygulanmas\u0131n\u0131 tavsiye ediyoruz<\/p>\n","protected":false},"excerpt":{"rendered":"<p>Nitropower i\u00e7eri\u011finde \u00fcre ve amonyak azotunun yan\u0131 s\u0131ra k\u00fck\u00fcrt bulunan gran\u00fcl formda azotlu g\u00fcbredir. %33 azot i\u00e7eren Nitropower\u2019\u0131 tah\u0131llar, end\u00fcstri bitkileri, meyveler, sebzeler, baklagiller ve t\u00fcm di\u011fer bitkilerde azot kayna\u011f\u0131 olarak kullanabilirsiniz. Azot kayb\u0131n\u0131n \u00f6nlenmesi i\u00e7in toprakla kar\u0131\u015ft\u0131r\u0131larak uygulanmas\u0131n\u0131 tavsiye ediyoruz<\/p>\n","protected":false},"featured_media":6289,"template":"","meta":[],"product_cat":[234,211],"product_tag":[408,295,293,406,292],"class_list":{"0":"post-6286","1":"product","2":"type-product","3":"status-publish","4":"has-post-thumbnail","6":"product_brand-gubretas","7":"product_cat-gubre-grubu","8":"product_cat-tarimsal-uretim-girdi-ve-hammadde","9":"product_tag-azotlu-urun","10":"product_tag-gubre-grubu","11":"product_tag-hammadde","12":"product_tag-kati-gubre","13":"product_tag-uretim","15":"first","16":"instock","17":"taxable","18":"shipping-taxable","19":"product-type-external","20":"col-xs-6 col-sm-4","21":"col-md-3 col-lg-3","22":"un-4-cols"},"_links":{"self":[{"href":"https:\/\/www.agriomarket.com\/index.php\/wp-json\/wp\/v2\/product\/6286","targetHints":{"allow":["GET"]}}],"collection":[{"href":"https:\/\/www.agriomarket.com\/index.php\/wp-json\/wp\/v2\/product"}],"about":[{"href":"https:\/\/www.agriomarket.com\/index.php\/wp-json\/wp\/v2\/types\/product"}],"wp:featuredmedia":[{"embeddable":true,"href":"https:\/\/www.agriomarket.com\/index.php\/wp-json\/wp\/v2\/media\/6289"}],"wp:attachment":[{"href":"https:\/\/www.agriomarket.com\/index.php\/wp-json\/wp\/v2\/media?parent=6286"}],"wp:term":[{"taxonomy":"product_cat","embeddable":true,"href":"https:\/\/www.agriomarket.com\/index.php\/wp-json\/wp\/v2\/product_cat?post=6286"},{"taxonomy":"product_tag","embeddable":true,"href":"https:\/\/www.agriomarket.com\/index.php\/wp-json\/wp\/v2\/product_tag?post=6286"}],"curies":[{"name":"wp","href":"https:\/\/api.w.org\/{rel}","templated":true}]}}