{"id":6384,"date":"2022-02-23T13:16:15","date_gmt":"2022-02-23T10:16:15","guid":{"rendered":"https:\/\/www.agrio.market\/?post_type=product&#038;p=6384"},"modified":"2022-02-23T13:17:27","modified_gmt":"2022-02-23T10:17:27","slug":"confidor-sc-350","status":"publish","type":"product","link":"https:\/\/www.agriomarket.com\/index.php\/urun\/confidor-sc-350\/","title":{"rendered":"CONFIDOR SC 350"},"content":{"rendered":"<p>K\u0131rm\u0131z\u0131 Palmiye B\u00f6ce\u011fi ile m\u00fccadelede en etkili \u00e7\u00f6z\u00fcm oldu\u011fu, zararl\u0131n\u0131n g\u00f6r\u00fcld\u00fc\u011f\u00fc \u00fclkelerde yap\u0131lan say\u0131s\u0131z \u00e7al\u0131\u015fma ve uygulamalar ile kan\u0131tlanm\u0131\u015ft\u0131r.<br \/>\nSistematik etkilidir, bitki \u00f6z suyu ile ta\u015f\u0131narak palmiyenin tamam\u0131na da\u011f\u0131l\u0131p etkisini g\u00f6sterir.<br \/>\nK\u00f6k geli\u015fimini te\u015fvik etti\u011finden bitkilerin suyu ve g\u00fcbreyi daha etkili bir \u015fekilde kullan\u0131lmas\u0131n\u0131 sa\u011flar.<br \/>\nBitkilerin kendi savunma mekanizmalar\u0131n\u0131 g\u00fc\u00e7lendirerek hastal\u0131klara kar\u015f\u0131 daha dayan\u0131kl\u0131 olmalar\u0131n\u0131 sa\u011flar.<br \/>\nKurakl\u0131k, a\u015f\u0131r\u0131 s\u0131cak, hava kirlili\u011fi, toprak tuzlulu\u011fu gibi kimyasal ve fiziksel etkenlerin olu\u015fturdu\u011fu stres \u015fartlar\u0131nda bitkilerin daha dayan\u0131kl\u0131 olmas\u0131na yard\u0131mc\u0131 olur.<br \/>\nUzun sureli kal\u0131c\u0131 etkisi ve kal\u0131c\u0131 korumas\u0131 sayesinde daha az miktarda ila\u00e7 kullan\u0131l\u0131r, b\u00f6ylece \u00e7evreye daha az kimyasal sal\u0131n\u0131r.<br \/>\n\u00d6nerilen \u015fekilde ve dozlarda uyguland\u0131\u011f\u0131nda, kullan\u0131c\u0131ya, \u00e7evreye ve hedef d\u0131\u015f\u0131 organizmalara kar\u015f\u0131 d\u00fc\u015f\u00fck risklidir.<\/p>\n","protected":false},"excerpt":{"rendered":"<p>K\u0131rm\u0131z\u0131 Palmiye B\u00f6ce\u011fi ile m\u00fccadelede en etkili \u00e7\u00f6z\u00fcm oldu\u011fu, zararl\u0131n\u0131n g\u00f6r\u00fcld\u00fc\u011f\u00fc \u00fclkelerde yap\u0131lan say\u0131s\u0131z \u00e7al\u0131\u015fma ve uygulamalar ile kan\u0131tlanm\u0131\u015ft\u0131r. Sistematik etkilidir, bitki \u00f6z suyu ile ta\u015f\u0131narak palmiyenin tamam\u0131na da\u011f\u0131l\u0131p etkisini g\u00f6sterir. K\u00f6k geli\u015fimini te\u015fvik etti\u011finden bitkilerin suyu ve g\u00fcbreyi daha etkili bir \u015fekilde kullan\u0131lmas\u0131n\u0131 sa\u011flar. Bitkilerin kendi savunma mekanizmalar\u0131n\u0131 g\u00fc\u00e7lendirerek hastal\u0131klara kar\u015f\u0131 daha dayan\u0131kl\u0131 olmalar\u0131n\u0131&hellip;<\/p>\n","protected":false},"featured_media":6385,"template":"","meta":[],"product_cat":[235,211],"product_tag":[296,292],"class_list":{"0":"post-6384","1":"product","2":"type-product","3":"status-publish","4":"has-post-thumbnail","6":"product_brand-bayer","7":"product_cat-tarimsal-ilac","8":"product_cat-tarimsal-uretim-girdi-ve-hammadde","9":"product_tag-tarim-ilaclari","10":"product_tag-uretim","12":"first","13":"instock","14":"taxable","15":"shipping-taxable","16":"product-type-external","17":"col-xs-6 col-sm-4","18":"col-md-3 col-lg-3","19":"un-4-cols"},"_links":{"self":[{"href":"https:\/\/www.agriomarket.com\/index.php\/wp-json\/wp\/v2\/product\/6384","targetHints":{"allow":["GET"]}}],"collection":[{"href":"https:\/\/www.agriomarket.com\/index.php\/wp-json\/wp\/v2\/product"}],"about":[{"href":"https:\/\/www.agriomarket.com\/index.php\/wp-json\/wp\/v2\/types\/product"}],"wp:featuredmedia":[{"embeddable":true,"href":"https:\/\/www.agriomarket.com\/index.php\/wp-json\/wp\/v2\/media\/6385"}],"wp:attachment":[{"href":"https:\/\/www.agriomarket.com\/index.php\/wp-json\/wp\/v2\/media?parent=6384"}],"wp:term":[{"taxonomy":"product_cat","embeddable":true,"href":"https:\/\/www.agriomarket.com\/index.php\/wp-json\/wp\/v2\/product_cat?post=6384"},{"taxonomy":"product_tag","embeddable":true,"href":"https:\/\/www.agriomarket.com\/index.php\/wp-json\/wp\/v2\/product_tag?post=6384"}],"curies":[{"name":"wp","href":"https:\/\/api.w.org\/{rel}","templated":true}]}}