{"id":6415,"date":"2022-02-23T14:11:26","date_gmt":"2022-02-23T11:11:26","guid":{"rendered":"https:\/\/www.agrio.market\/?post_type=product&#038;p=6415"},"modified":"2022-02-23T14:16:05","modified_gmt":"2022-02-23T11:16:05","slug":"dkc5685","status":"publish","type":"product","link":"https:\/\/www.agriomarket.com\/index.php\/urun\/dkc5685\/","title":{"rendered":"DKC5685"},"content":{"rendered":"<p>\u00c7ok y\u00fcksek verim potansiyeline ve g\u00f6steri\u015fli ko\u00e7an yap\u0131s\u0131na sahip serin b\u00f6lgelerde ana \u00fcr\u00fcn ekimlerine uygun yeni jenerasyon erkenci danelik m\u0131s\u0131r tohumu<\/p>\n","protected":false},"excerpt":{"rendered":"<p>\u00c7ok y\u00fcksek verim potansiyeline ve g\u00f6steri\u015fli ko\u00e7an yap\u0131s\u0131na sahip serin b\u00f6lgelerde ana \u00fcr\u00fcn ekimlerine uygun yeni jenerasyon erkenci danelik m\u0131s\u0131r tohumu<\/p>\n","protected":false},"featured_media":6422,"template":"","meta":[],"product_cat":[211,233],"product_tag":[294,292],"class_list":{"0":"post-6415","1":"product","2":"type-product","3":"status-publish","4":"has-post-thumbnail","6":"product_brand-dekalb","7":"product_cat-tarimsal-uretim-girdi-ve-hammadde","8":"product_cat-tohum-grubu","9":"product_tag-tohum-grubu","10":"product_tag-uretim","12":"first","13":"instock","14":"taxable","15":"shipping-taxable","16":"product-type-external","17":"col-xs-6 col-sm-4","18":"col-md-3 col-lg-3","19":"un-4-cols"},"_links":{"self":[{"href":"https:\/\/www.agriomarket.com\/index.php\/wp-json\/wp\/v2\/product\/6415","targetHints":{"allow":["GET"]}}],"collection":[{"href":"https:\/\/www.agriomarket.com\/index.php\/wp-json\/wp\/v2\/product"}],"about":[{"href":"https:\/\/www.agriomarket.com\/index.php\/wp-json\/wp\/v2\/types\/product"}],"wp:featuredmedia":[{"embeddable":true,"href":"https:\/\/www.agriomarket.com\/index.php\/wp-json\/wp\/v2\/media\/6422"}],"wp:attachment":[{"href":"https:\/\/www.agriomarket.com\/index.php\/wp-json\/wp\/v2\/media?parent=6415"}],"wp:term":[{"taxonomy":"product_cat","embeddable":true,"href":"https:\/\/www.agriomarket.com\/index.php\/wp-json\/wp\/v2\/product_cat?post=6415"},{"taxonomy":"product_tag","embeddable":true,"href":"https:\/\/www.agriomarket.com\/index.php\/wp-json\/wp\/v2\/product_tag?post=6415"}],"curies":[{"name":"wp","href":"https:\/\/api.w.org\/{rel}","templated":true}]}}