{"id":7124,"date":"2022-03-08T12:27:52","date_gmt":"2022-03-08T09:27:52","guid":{"rendered":"https:\/\/www.agrio.market\/?post_type=product&#038;p=7124"},"modified":"2022-03-21T14:14:32","modified_gmt":"2022-03-21T11:14:32","slug":"2013-claas-quantum-5700-s-yem-hasat-romorku","status":"publish","type":"product","link":"https:\/\/www.agriomarket.com\/index.php\/urun\/2013-claas-quantum-5700-s-yem-hasat-romorku\/","title":{"rendered":"2013 Claas Quantum 5700 S Yem Hasat R\u00f6morku"},"content":{"rendered":"<p>D\u00fczg\u00fcn bak\u0131ml\u0131 Claas Quantum 5700S, Geni\u015f lastikler 710\/35-22.5, K80 ba\u011flant\u0131s\u0131 tandem aks, parabol yaprak yayl\u0131 s\u00fcspansiyon, 60 km\/s&#8217;ye kadar alt zincir tahrik, hidrolik, 2 kademeli, \u00e7ift etkili Communicator II kontroll\u00fc. Gerilim an\u0131nda yayl\u0131 mafsall\u0131 \u00e7eki demiri (yuvarlak ba\u015fl\u0131) K80 Makine numaras\u0131 64689<\/p>\n","protected":false},"excerpt":{"rendered":"<p>D\u00fczg\u00fcn bak\u0131ml\u0131 Claas Quantum 5700S, Geni\u015f lastikler 710\/35-22.5, K80 ba\u011flant\u0131s\u0131 tandem aks, parabol yaprak yayl\u0131 s\u00fcspansiyon, 60 km\/s&#8217;ye kadar alt zincir tahrik, hidrolik, 2 kademeli, \u00e7ift etkili Communicator II kontroll\u00fc. Gerilim an\u0131nda yayl\u0131 mafsall\u0131 \u00e7eki demiri (yuvarlak ba\u015fl\u0131) K80 Makine numaras\u0131 64689<\/p>\n","protected":false},"featured_media":7125,"template":"","meta":[],"product_cat":[387,212,446],"product_tag":[492,399,471,389,297,460,519,396],"class_list":{"0":"post-7124","1":"product","2":"type-product","3":"status-publish","4":"has-post-thumbnail","6":"product_brand-claas","7":"product_cat-hayvancilik-makine-ve-ekipmanlari","8":"product_cat-tarim-makine-ve-ekipmanlari","9":"product_cat-yem-hasat-makineleri","10":"product_tag-hayvancilik","11":"product_tag-hayvancilik-ekipmanlari","12":"product_tag-hayvancilik-makineleri","13":"product_tag-romorklar","14":"product_tag-yem-grubu","15":"product_tag-yem-hasat-makineleri","16":"product_tag-yem-hasat-romorku","17":"product_tag-yem-vagonlari","19":"first","20":"instock","21":"taxable","22":"shipping-taxable","23":"product-type-external","24":"col-xs-6 col-sm-4","25":"col-md-3 col-lg-3","26":"un-4-cols"},"_links":{"self":[{"href":"https:\/\/www.agriomarket.com\/index.php\/wp-json\/wp\/v2\/product\/7124","targetHints":{"allow":["GET"]}}],"collection":[{"href":"https:\/\/www.agriomarket.com\/index.php\/wp-json\/wp\/v2\/product"}],"about":[{"href":"https:\/\/www.agriomarket.com\/index.php\/wp-json\/wp\/v2\/types\/product"}],"wp:featuredmedia":[{"embeddable":true,"href":"https:\/\/www.agriomarket.com\/index.php\/wp-json\/wp\/v2\/media\/7125"}],"wp:attachment":[{"href":"https:\/\/www.agriomarket.com\/index.php\/wp-json\/wp\/v2\/media?parent=7124"}],"wp:term":[{"taxonomy":"product_cat","embeddable":true,"href":"https:\/\/www.agriomarket.com\/index.php\/wp-json\/wp\/v2\/product_cat?post=7124"},{"taxonomy":"product_tag","embeddable":true,"href":"https:\/\/www.agriomarket.com\/index.php\/wp-json\/wp\/v2\/product_tag?post=7124"}],"curies":[{"name":"wp","href":"https:\/\/api.w.org\/{rel}","templated":true}]}}