{"id":7216,"date":"2022-03-09T12:59:31","date_gmt":"2022-03-09T09:59:31","guid":{"rendered":"https:\/\/www.agrio.market\/?post_type=product&#038;p=7216"},"modified":"2022-03-21T09:54:19","modified_gmt":"2022-03-21T06:54:19","slug":"pottinger-jumbo-6010-yem-hasat-romorku","status":"publish","type":"product","link":"https:\/\/www.agriomarket.com\/index.php\/urun\/pottinger-jumbo-6010-yem-hasat-romorku\/","title":{"rendered":"Pottinger Jumbo 6010 Yem Hasat R\u00f6morku"},"content":{"rendered":"<p>&#8211; 33,8 m3 s\u0131k\u0131\u015ft\u0131rma kapasitesi<br \/>\n&#8211; 1193 DIN kapasitesi<br \/>\n\u200b2.0m toplama \u00fcnitesi<br \/>\n45 adet b\u0131\u00e7ak<br \/>\n37 mm kesim uzunlu\u011fu<br \/>\n10 saplamal\u0131 aks,<br \/>\nDireksiyon Aks\u0131<br \/>\n650\/50-22.5 lastikler<\/p>\n","protected":false},"excerpt":{"rendered":"<p>&#8211; 33,8 m3 s\u0131k\u0131\u015ft\u0131rma kapasitesi &#8211; 1193 DIN kapasitesi \u200b2.0m toplama \u00fcnitesi 45 adet b\u0131\u00e7ak 37 mm kesim uzunlu\u011fu 10 saplamal\u0131 aks, Direksiyon Aks\u0131 650\/50-22.5 lastikler<\/p>\n","protected":false},"featured_media":7217,"template":"","meta":[],"product_cat":[387,212,446],"product_tag":[492,399,471,297,460,519,396],"class_list":{"0":"post-7216","1":"product","2":"type-product","3":"status-publish","4":"has-post-thumbnail","6":"product_brand-pottinger","7":"product_cat-hayvancilik-makine-ve-ekipmanlari","8":"product_cat-tarim-makine-ve-ekipmanlari","9":"product_cat-yem-hasat-makineleri","10":"product_tag-hayvancilik","11":"product_tag-hayvancilik-ekipmanlari","12":"product_tag-hayvancilik-makineleri","13":"product_tag-yem-grubu","14":"product_tag-yem-hasat-makineleri","15":"product_tag-yem-hasat-romorku","16":"product_tag-yem-vagonlari","18":"first","19":"instock","20":"taxable","21":"shipping-taxable","22":"product-type-external","23":"col-xs-6 col-sm-4","24":"col-md-3 col-lg-3","25":"un-4-cols"},"_links":{"self":[{"href":"https:\/\/www.agriomarket.com\/index.php\/wp-json\/wp\/v2\/product\/7216","targetHints":{"allow":["GET"]}}],"collection":[{"href":"https:\/\/www.agriomarket.com\/index.php\/wp-json\/wp\/v2\/product"}],"about":[{"href":"https:\/\/www.agriomarket.com\/index.php\/wp-json\/wp\/v2\/types\/product"}],"wp:featuredmedia":[{"embeddable":true,"href":"https:\/\/www.agriomarket.com\/index.php\/wp-json\/wp\/v2\/media\/7217"}],"wp:attachment":[{"href":"https:\/\/www.agriomarket.com\/index.php\/wp-json\/wp\/v2\/media?parent=7216"}],"wp:term":[{"taxonomy":"product_cat","embeddable":true,"href":"https:\/\/www.agriomarket.com\/index.php\/wp-json\/wp\/v2\/product_cat?post=7216"},{"taxonomy":"product_tag","embeddable":true,"href":"https:\/\/www.agriomarket.com\/index.php\/wp-json\/wp\/v2\/product_tag?post=7216"}],"curies":[{"name":"wp","href":"https:\/\/api.w.org\/{rel}","templated":true}]}}