{"id":7674,"date":"2022-03-22T13:42:18","date_gmt":"2022-03-22T10:42:18","guid":{"rendered":"https:\/\/www.agrio.market\/?post_type=product&#038;p=7674"},"modified":"2022-03-22T13:43:42","modified_gmt":"2022-03-22T10:43:42","slug":"etlik-civciv-yemi-50-kg","status":"publish","type":"product","link":"https:\/\/www.agriomarket.com\/index.php\/urun\/etlik-civciv-yemi-50-kg\/","title":{"rendered":"Etlik Civciv Yemi \u2013 50 KG"},"content":{"rendered":"<p>Etlik Civciv Yemi, etlik civcivlerde 15 \u2013 28 g\u00fcn aras\u0131 kullan\u0131lan toz, gran\u00fcl, pelet formunda dengeli ve sindirimi kolay tamamlay\u0131c\u0131 bir yem olarak \u00fcretilmi\u015ftir.Vitamin, esansiyel amino asit, makro ve mikro mineral elementleri yeterli ve dengeli bir \u015fekilde i\u00e7ermektedir. Etlik Civciv Ba\u015flang\u0131\u00e7 Yemi, % 21 oran\u0131nda ham protein i\u00e7erir.<br data-uw-styling-context=\"true\" \/><br data-uw-styling-context=\"true\" \/>Ayr\u0131ca kanatl\u0131 hayvanlar\u0131n ba\u011f\u0131\u015f\u0131kl\u0131k sisteminin g\u00fc\u00e7l\u00fc olmas\u0131 ba\u011f\u0131rsak sa\u011fl\u0131\u011f\u0131 ile do\u011fru orant\u0131l\u0131d\u0131r. Bu y\u00fczden Etlik Civciv Ba\u015flang\u0131\u00e7 Yemi\u2019nin i\u00e7erisinde \u201cCoccidiosis\u2019e\u201d kar\u015f\u0131 ba\u011f\u0131rsak sistemini g\u00fc\u00e7l\u00fc tutan \u201cAnticoccidial\u201d vard\u0131r.<\/p>\n","protected":false},"excerpt":{"rendered":"<p>Etlik Civciv Yemi, etlik civcivlerde 15 \u2013 28 g\u00fcn aras\u0131 kullan\u0131lan toz, gran\u00fcl, pelet formunda dengeli ve sindirimi kolay tamamlay\u0131c\u0131 bir yem olarak \u00fcretilmi\u015ftir.Vitamin, esansiyel amino asit, makro ve mikro mineral elementleri yeterli ve dengeli bir \u015fekilde i\u00e7ermektedir. Etlik Civciv Ba\u015flang\u0131\u00e7 Yemi, % 21 oran\u0131nda ham protein i\u00e7erir.Ayr\u0131ca kanatl\u0131 hayvanlar\u0131n ba\u011f\u0131\u015f\u0131kl\u0131k sisteminin g\u00fc\u00e7l\u00fc olmas\u0131 ba\u011f\u0131rsak&hellip;<\/p>\n","protected":false},"featured_media":7675,"template":"","meta":[],"product_cat":[211,236],"product_tag":[511,292,297],"class_list":{"0":"post-7674","1":"product","2":"type-product","3":"status-publish","4":"has-post-thumbnail","6":"product_brand-tarim-kredi-yem","7":"product_cat-tarimsal-uretim-girdi-ve-hammadde","8":"product_cat-yem-grubu","9":"product_tag-kanatli-yemleri","10":"product_tag-uretim","11":"product_tag-yem-grubu","13":"first","14":"instock","15":"taxable","16":"shipping-taxable","17":"product-type-external","18":"col-xs-6 col-sm-4","19":"col-md-3 col-lg-3","20":"un-4-cols"},"_links":{"self":[{"href":"https:\/\/www.agriomarket.com\/index.php\/wp-json\/wp\/v2\/product\/7674","targetHints":{"allow":["GET"]}}],"collection":[{"href":"https:\/\/www.agriomarket.com\/index.php\/wp-json\/wp\/v2\/product"}],"about":[{"href":"https:\/\/www.agriomarket.com\/index.php\/wp-json\/wp\/v2\/types\/product"}],"wp:featuredmedia":[{"embeddable":true,"href":"https:\/\/www.agriomarket.com\/index.php\/wp-json\/wp\/v2\/media\/7675"}],"wp:attachment":[{"href":"https:\/\/www.agriomarket.com\/index.php\/wp-json\/wp\/v2\/media?parent=7674"}],"wp:term":[{"taxonomy":"product_cat","embeddable":true,"href":"https:\/\/www.agriomarket.com\/index.php\/wp-json\/wp\/v2\/product_cat?post=7674"},{"taxonomy":"product_tag","embeddable":true,"href":"https:\/\/www.agriomarket.com\/index.php\/wp-json\/wp\/v2\/product_tag?post=7674"}],"curies":[{"name":"wp","href":"https:\/\/api.w.org\/{rel}","templated":true}]}}