{"id":7759,"date":"2022-03-23T11:47:50","date_gmt":"2022-03-23T08:47:50","guid":{"rendered":"https:\/\/www.agrio.market\/?post_type=product&#038;p=7759"},"modified":"2022-03-23T11:50:16","modified_gmt":"2022-03-23T08:50:16","slug":"besi-bitirme-yemi","status":"publish","type":"product","link":"https:\/\/www.agriomarket.com\/index.php\/urun\/besi-bitirme-yemi\/","title":{"rendered":"Besi Bitirme Yemi"},"content":{"rendered":"<p>\u00c7aml\u0131 Besi Bitirme Yemi; yo\u011fun besiye al\u0131nan danalar\u0131n kesimine son 3 ay kala kullan\u0131lan, y\u00fcksek canl\u0131 a\u011f\u0131rl\u0131k art\u0131\u015f\u0131 ve karkas rand\u0131man\u0131 sa\u011flamak amac\u0131yla olu\u015fturulmu\u015f bir yemdir.<\/p>\n<p>Asidoz ve timpani vakalar\u0131ndan korunmak i\u00e7in \u00f6zel tampon maddeler ilave edilmi\u015ftir.<br \/>\n\u0130\u00e7eri\u011finde kullan\u0131lan sindirilebilri\u011fi y\u00fcksek ham maddeler sayesinde karkas kalitesi ve et rand\u0131man\u0131 \u00fczerinde olumlu etki yapmaktad\u0131r.<br \/>\nLezzetli ve i\u015ftah a\u00e7\u0131c\u0131d\u0131r.<br \/>\nH\u0131zl\u0131 b\u00fcy\u00fcme ve kas geli\u015fimi sa\u011flar.<br \/>\nEnerji, protein, mineral ve vitamin i\u00e7eri\u011fi bak\u0131m\u0131ndan dengeli bir yap\u0131ya sahiptir.<\/p>\n","protected":false},"excerpt":{"rendered":"<p>\u00c7aml\u0131 Besi Bitirme Yemi; yo\u011fun besiye al\u0131nan danalar\u0131n kesimine son 3 ay kala kullan\u0131lan, y\u00fcksek canl\u0131 a\u011f\u0131rl\u0131k art\u0131\u015f\u0131 ve karkas rand\u0131man\u0131 sa\u011flamak amac\u0131yla olu\u015fturulmu\u015f bir yemdir. Asidoz ve timpani vakalar\u0131ndan korunmak i\u00e7in \u00f6zel tampon maddeler ilave edilmi\u015ftir. \u0130\u00e7eri\u011finde kullan\u0131lan sindirilebilri\u011fi y\u00fcksek ham maddeler sayesinde karkas kalitesi ve et rand\u0131man\u0131 \u00fczerinde olumlu etki yapmaktad\u0131r. Lezzetli ve&hellip;<\/p>\n","protected":false},"featured_media":7761,"template":"","meta":[],"product_cat":[211,236],"product_tag":[555,441,292,297],"class_list":{"0":"post-7759","1":"product","2":"type-product","3":"status-publish","4":"has-post-thumbnail","6":"product_brand-camli","7":"product_cat-tarimsal-uretim-girdi-ve-hammadde","8":"product_cat-yem-grubu","9":"product_tag-besi-yemi","10":"product_tag-buyukbas-yemleri","11":"product_tag-uretim","12":"product_tag-yem-grubu","14":"first","15":"instock","16":"taxable","17":"shipping-taxable","18":"product-type-external","19":"col-xs-6 col-sm-4","20":"col-md-3 col-lg-3","21":"un-4-cols"},"_links":{"self":[{"href":"https:\/\/www.agriomarket.com\/index.php\/wp-json\/wp\/v2\/product\/7759","targetHints":{"allow":["GET"]}}],"collection":[{"href":"https:\/\/www.agriomarket.com\/index.php\/wp-json\/wp\/v2\/product"}],"about":[{"href":"https:\/\/www.agriomarket.com\/index.php\/wp-json\/wp\/v2\/types\/product"}],"wp:featuredmedia":[{"embeddable":true,"href":"https:\/\/www.agriomarket.com\/index.php\/wp-json\/wp\/v2\/media\/7761"}],"wp:attachment":[{"href":"https:\/\/www.agriomarket.com\/index.php\/wp-json\/wp\/v2\/media?parent=7759"}],"wp:term":[{"taxonomy":"product_cat","embeddable":true,"href":"https:\/\/www.agriomarket.com\/index.php\/wp-json\/wp\/v2\/product_cat?post=7759"},{"taxonomy":"product_tag","embeddable":true,"href":"https:\/\/www.agriomarket.com\/index.php\/wp-json\/wp\/v2\/product_tag?post=7759"}],"curies":[{"name":"wp","href":"https:\/\/api.w.org\/{rel}","templated":true}]}}