{"id":7769,"date":"2022-03-23T12:04:43","date_gmt":"2022-03-23T09:04:43","guid":{"rendered":"https:\/\/www.agrio.market\/?post_type=product&#038;p=7769"},"modified":"2022-03-23T12:07:33","modified_gmt":"2022-03-23T09:07:33","slug":"oglak-buyutme-yemi","status":"publish","type":"product","link":"https:\/\/www.agriomarket.com\/index.php\/urun\/oglak-buyutme-yemi\/","title":{"rendered":"O\u011flak B\u00fcy\u00fctme Yemi"},"content":{"rendered":"<p>\u00c7aml\u0131 O\u011flak B\u00fcy\u00fctme Yemi, o\u011flaklar\u0131n 0-5 ayl\u0131k ya\u015f d\u00f6neminde kullan\u0131lmak \u00fczere \u00f6zel olarak haz\u0131rlanm\u0131\u015ft\u0131r.<\/p>\n<p>Sa\u011fl\u0131kl\u0131 i\u015fkembe geli\u015fimi sa\u011flar.<br \/>\nS\u00fctten kesme d\u00f6neminde olu\u015facak stresi azalt\u0131r.<br \/>\nO\u011flaklar taraf\u0131ndan i\u015ftahla t\u00fcketilir.<br \/>\nH\u0131zl\u0131 canl\u0131 a\u011f\u0131rl\u0131k art\u0131\u015f\u0131 ve boylanma sa\u011flar.<br \/>\nDam\u0131zl\u0131kta kullan\u0131m ya\u015f\u0131n\u0131 erkene \u00e7eker.<\/p>\n","protected":false},"excerpt":{"rendered":"<p>\u00c7aml\u0131 O\u011flak B\u00fcy\u00fctme Yemi, o\u011flaklar\u0131n 0-5 ayl\u0131k ya\u015f d\u00f6neminde kullan\u0131lmak \u00fczere \u00f6zel olarak haz\u0131rlanm\u0131\u015ft\u0131r. Sa\u011fl\u0131kl\u0131 i\u015fkembe geli\u015fimi sa\u011flar. S\u00fctten kesme d\u00f6neminde olu\u015facak stresi azalt\u0131r. O\u011flaklar taraf\u0131ndan i\u015ftahla t\u00fcketilir. H\u0131zl\u0131 canl\u0131 a\u011f\u0131rl\u0131k art\u0131\u015f\u0131 ve boylanma sa\u011flar. Dam\u0131zl\u0131kta kullan\u0131m ya\u015f\u0131n\u0131 erkene \u00e7eker.<\/p>\n","protected":false},"featured_media":7770,"template":"","meta":[],"product_cat":[211,236],"product_tag":[555,516,514,518,292,297],"class_list":{"0":"post-7769","1":"product","2":"type-product","3":"status-publish","4":"has-post-thumbnail","6":"product_brand-camli","7":"product_cat-tarimsal-uretim-girdi-ve-hammadde","8":"product_cat-yem-grubu","9":"product_tag-besi-yemi","10":"product_tag-kucukbas-sut-yemleri","11":"product_tag-kucukbas-yemleri","12":"product_tag-oglak-yemleri","13":"product_tag-uretim","14":"product_tag-yem-grubu","16":"first","17":"instock","18":"taxable","19":"shipping-taxable","20":"product-type-external","21":"col-xs-6 col-sm-4","22":"col-md-3 col-lg-3","23":"un-4-cols"},"_links":{"self":[{"href":"https:\/\/www.agriomarket.com\/index.php\/wp-json\/wp\/v2\/product\/7769","targetHints":{"allow":["GET"]}}],"collection":[{"href":"https:\/\/www.agriomarket.com\/index.php\/wp-json\/wp\/v2\/product"}],"about":[{"href":"https:\/\/www.agriomarket.com\/index.php\/wp-json\/wp\/v2\/types\/product"}],"wp:featuredmedia":[{"embeddable":true,"href":"https:\/\/www.agriomarket.com\/index.php\/wp-json\/wp\/v2\/media\/7770"}],"wp:attachment":[{"href":"https:\/\/www.agriomarket.com\/index.php\/wp-json\/wp\/v2\/media?parent=7769"}],"wp:term":[{"taxonomy":"product_cat","embeddable":true,"href":"https:\/\/www.agriomarket.com\/index.php\/wp-json\/wp\/v2\/product_cat?post=7769"},{"taxonomy":"product_tag","embeddable":true,"href":"https:\/\/www.agriomarket.com\/index.php\/wp-json\/wp\/v2\/product_tag?post=7769"}],"curies":[{"name":"wp","href":"https:\/\/api.w.org\/{rel}","templated":true}]}}